. List the prime factors of a.
2, 3
List the prime factors of (-5738752)/(-174)*6/4.
2, 773
Suppose 24*i + 238730 = 49*i - 15*i. What are the prime factors of i?
23873
Suppose 5*j + y = -1057, 142 = 2*j + 4*y + 572. Let o = j - -117. Let i = o + 108. What are the prime factors of i?
2, 7
Let x(d) = 7*d**3 - 4*d**2 - 18*d + 2. Let z(y) = -7*y**3 + 4*y**2 + 17*y - 1. Let a(l) = -4*x(l) - 5*z(l). What are the prime factors of a(4)?
7, 47
Suppose -360047 = -112*u + 188*u - 877835. List the prime factors of u.
3, 757
Let q(h) = -h**3 - 5*h**2 + 11*h - 14. Let a be q(-7). Suppose 4*r = 4*f + 2036, 1527 = 3*r - a*f + 3*f. List the prime factors of r.
509
Let m = -6012 - -8504. List the prime factors of m.
2, 7, 89
List the prime factors of ((-48)/(-18))/(-6*(-4)/(-36)) - -20211.
11, 167
Suppose -24*r + 27*r + 48 = 0. Let s(o) = o**3 + 16*o**2 - 14*o - 71. What are the prime factors of s(r)?
3, 17
Let h(w) be the first derivative of w**4 - 7*w**3/6 + 5*w**2 + 39*w - 33. Let g(t) be the first derivative of h(t). What are the prime factors of g(4)?
2, 3, 29
Let w = 97 + -41. Let s = 8 - 11. List the prime factors of s - ((-2 - w) + 0).
5, 11
List the prime factors of 40081 + 1 - 3/(490/(-56) + 8).
2, 3, 17, 131
Let m(b) = b**2 + 13*b + 19. Let u be m(-14). Suppose -4*l - 73 = -u. List the prime factors of 1340/25 - (4/l)/1.
2, 3
Suppose 5*y + 21 = -f, -4*f = 2*y + 4 - 10. Suppose f*i = 28 - 4. Suppose -i*t + 5*t = -81. List the prime factors of t.
3
Suppose 10*d - 16*d = -72. Suppose -d*l + 1655 = -2101. List the prime factors of l.
313
Let c = 124814 - 84541. What are the prime factors of c?
17, 23, 103
Suppose 10229 - 1738 = d. What are the prime factors of d?
7, 1213
Let r = 16405 - 8705. List the prime factors of r.
2, 5, 7, 11
Let o(n) = 6*n**3 - 3*n**2 - 4. Let q(g) = -g + 20. Let d be q(18). List the prime factors of o(d).
2
Let v be -2*(3914/(-4) - 2). Suppose -6*b + v + 577 = 0. Suppose -b = m - 4*m. What are the prime factors of m?
3, 47
Let j be (360/50)/((-2)/(-75)). Let t be 7 + (2 - (-8)/(-2)). Suppose -z - t*z = -j. What are the prime factors of z?
3, 5
Suppose 3*u - 3*n - 85 = -1, 5*n = 0. Let s = u + -27. List the prime factors of 3 + 153 + -6 + s.
151
List the prime factors of (19694/(-9)*-3)/(24/36).
43, 229
Let k(g) = 809*g**2 - 149. What are the prime factors of k(-5)?
2, 3, 7, 239
Let n = -27314 + 38657. What are the prime factors of n?
3, 19, 199
Let g = -210 - -248. List the prime factors of 1159/g*1/2*4.
61
Let z be 3/((3 - 0) + (-234)/80). Let t be ((-16)/10)/((-16)/z). Suppose 2*g - 222 = -2*u, -t*u + 5*g = -5*u + 111. What are the prime factors of u?
3, 37
List the prime factors of -5 + -1 - ((-165)/15 - 14003).
2, 17, 103
Suppose -31*h + 35084 = -53235. What are the prime factors of h?
7, 11, 37
Let v(f) = f**3 + 8*f**2 + 8*f + 16. Let w be v(-6). Let n be w/50 - 2411/(-5). Suppose -5*y + 2*y + n = 0. List the prime factors of y.
7, 23
Let i be (16/10)/((-21)/(420/(-8))). Suppose -i*c + c - 4*f + 743 = 0, 256 = c + 3*f. List the prime factors of c.
241
Let h(x) = -x**3 + 12*x**2 + 21*x - 28. Let c(d) = -10*d + 33. Let a be c(4). List the prime factors of h(a).
2, 3, 7
Suppose -p - 90 = -6*p. Suppose -p = t - 125. Suppose 281 = 3*i + t. List the prime factors of i.
2, 29
Let m(t) = 17*t**2 - 16*t + 49. List the prime factors of m(-15).
2, 11, 17
Suppose -w - 5*i + 12 = -8, 3*w - i + 20 = 0. List the prime factors of (8 + w - -685) + 8.
2, 3, 29
Let f = -80040 - -151021. What are the prime factors of f?
70981
Let i(h) = 2*h + 38. Let m be i(0). Suppose 3*z = o - 6*o + m, 0 = -4*z + 4*o + 72. What are the prime factors of ((-165)/(-6))/11*z/5?
2
Let i = -177 - -187. Let g(f) be the third derivative of f**6/120 - 11*f**5/60 + 13*f**4/24 - 3*f**3/2 - f**2. List the prime factors of g(i).
3, 7
What are the prime factors of (-7)/(16 + -15)*(0 + -482)?
2, 7, 241
Let r(s) be the third derivative of -s**4/4 + 19*s**3/6 + 10*s**2. Let q be ((-2)/3*(13 + 2))/1. What are the prime factors of r(q)?
79
Let u(i) = 7349*i + 20. What are the prime factors of u(6)?
2, 7, 23, 137
Let h(c) = -8*c + 191. Let j be h(0). Suppose -5*s = 3*d - 296, 4*s = -5*d + 51 + j. List the prime factors of s.
2, 29
Suppose -4*f + 6 = -3*w, -2*f - 4*w + 20 = 2*f. List the prime factors of f - (-21)/(-3) - -75.
71
Let b(d) = d**2 - 15*d + 17. Let o be b(14). Let m(n) = -n**o - 19 - 5*n**2 + 12 - 2*n - 19. List the prime factors of m(-8).
2, 7, 13
Let x(u) = -9*u + 25. Let v(m) be the third derivative of -m**5/60 - m**4/3 - 2*m**3 + 8*m**2. Let h be v(-7). List the prime factors of x(h).
2, 5, 7
Let n = 34214 + -6842. List the prime factors of n.
2, 3, 2281
Let u(t) = -36*t - 14. Let k = -205 - -204. List the prime factors of u(k).
2, 11
Suppose 0 = -2*i + 5*l + 2702, 9*i = 7*i - 4*l + 2756. List the prime factors of i.
2, 683
Let m(l) be the second derivative of -15*l**2 + 10/3*l**3 + 0 + 23*l. List the prime factors of m(7).
2, 5, 11
Let m(v) = -1199*v**3 + 4*v**2 + 31*v + 13. List the prime factors of m(-4).
3, 8521
Let f = -18461 - -31969. List the prime factors of f.
2, 11, 307
Suppose 4*h = -150 + 170. List the prime factors of (651 - 0)/(((-60)/(-8))/h).
2, 7, 31
Let w(t) = 4*t**2 + t + 2. Let u be w(-1). Suppose -u + 8 = 3*o. Let b(x) = 102*x**3. What are the prime factors of b(o)?
2, 3, 17
Let w(x) = -x + 24. Let h be w(10). Let p be ((-69)/(-46) - 337/2)*-1. Let c = p - h. List the prime factors of c.
3, 17
Suppose 0 = 11*q + 26 - 59. Suppose 0 = -q*u + 17*u - 1218. List the prime factors of u.
3, 29
Suppose -4*m + 20 = -3*j, -6*m + 3*m - 2*j + 32 = 0. Suppose -2 - m = -2*o. Suppose 2*c + 123 = 2*g + 345, -107 = -c + o*g. What are the prime factors of c?
2, 7
Let u = 65 - 61. Let h be 0 + u/22 - (-6456)/66. Suppose 124 = c - h. List the prime factors of c.
2, 3, 37
Suppose 4*t - 244987 + 81547 = -11*u, -5*u = -3*t - 74262. What are the prime factors of u?
2, 3, 619
Let v be (1848/(-15))/(-1) + (-8)/40. Suppose 937 = 5*a - 2*m + 298, -a = -2*m - v. What are the prime factors of (-9 - 0)*(-2)/(18/a)?
3, 43
Let y(q) = -39 + 17*q + 14 - 50 + 140 + 135. What are the prime factors of y(31)?
727
Let s = -40 + 52. Suppose -s*p = -4*p - 4152. Let y = p + -285. What are the prime factors of y?
2, 3, 13
Suppose -5*k + 15*k + 14*k = 25344. What are the prime factors of k?
2, 3, 11
Let q = -101 - -101. Suppose q = 3*s - 0*s - 3*y - 735, 2*y = -2*s + 502. List the prime factors of s.
2, 31
Suppose -8*d + 41 + 23 = 0. Suppose d*x = -3*x - 132. What are the prime factors of (-62)/4*72/x?
3, 31
Suppose 0 = -5*r + 14 + 6. Suppose -r*s = -0*s - 5*x - 258, 2*s + 3*x = 118. Let u = -57 + s. List the prime factors of u.
5
Let z(l) = -935*l**3 + l**2 + 63*l + 191. List the prime factors of z(-3).
2, 7, 11, 41
Let d be (-10)/30*(-2 + 1115). Let f = -201 - d. List the prime factors of f.
2, 5, 17
Let b(d) be the third derivative of 5/3*d**3 - 18*d**2 + 1/4*d**4 + 0 + 0*d + 1/60*d**5. List the prime factors of b(-7).
17
Let n be 45/(-45) - -2*(-10)/(-4). List the prime factors of n/(-60)*3 - (-18762)/10.
2, 7, 67
Suppose 2*n - 4*q - 786 = 0, 1033 = 3*n - 3*q - 149. Let r = n + -255. What are the prime factors of r?
2, 5, 7
Let k be (-3)/(1*-12) - 13670/(-40). Suppose k = 8*c - 882. What are the prime factors of c?
3, 17
Let g(f) = f**3 - f**2 - 5*f + 9. Let k be g(5). Let s be 447/(-9) + 4/6. Let h = k + s. What are the prime factors of h?
5, 7
Suppose 0 = -3*g + 11*g + 48. What are the prime factors of 35*((1590/(-25))/g + 2)?
3, 7
What are the prime factors of 5/(-75) - (-47796)/90?
3, 59
What are the prime factors of (-17 + 7)*11624/(-20)?
2, 1453
Let x(r) = r**2 - 21*r + 12. Let v = -82 - -103. List the prime factors of x(v).
2, 3
Suppose 2*u + 4*d = 42476, -3*u + 63732 = 3*d - 0*d. What are the prime factors of u?
2, 5, 17
Let g = 1351 + 2483. What are the prime factors of g?
2, 3, 71
Suppose 5 = 5*k, 4*x - 3*k - 8 = 73. Suppose 63 = x*u - 18*u + 2*m, 5*u - 100 = -5*m. List the prime factors of u.
23
Suppose -170265 = -7782*j + 7777*j. What are the prime factors of j?
3, 11351
Let r be (-112)/12*243/(-6). Suppose 107*f = 104*f + r. What are the prime factors of f - 2/3*-3?
2
Let a(b) = 19*b**2 - 9*b - 10. Suppose -3*o - 12 = 0, -2*k + 4*o + 22 = -k. What are the prime fa